{"id":7,"date":"2021-06-11T11:44:29","date_gmt":"2021-06-11T11:44:29","guid":{"rendered":"http:\/\/www.pirtticonsulting.fi\/?page_id=7"},"modified":"2022-01-27T19:01:18","modified_gmt":"2022-01-27T19:01:18","slug":"yritys","status":"publish","type":"page","link":"https:\/\/www.pirtticonsulting.fi\/","title":{"rendered":"Yritys"},"content":{"rendered":"\n<p class=\"has-black-color has-text-color\">Missiomme on auttaa asiakasyrityksi\u00e4mme saavuttamaan t\u00e4ysi potentiaalinsa tarjoamalla taloushallinnon palveluita yksil\u00f6llisesti, lis\u00e4arvoa tuottavasti ja kustannustehokkaasti.<\/p>\n\n\n\n<p>T\u00e4ll\u00e4 hetkell\u00e4 emme ota uusia asiakkuuksia.<\/p>\n","protected":false},"excerpt":{"rendered":"<p>Missiomme on auttaa asiakasyrityksi\u00e4mme saavuttamaan t\u00e4ysi potentiaalinsa tarjoamalla taloushallinnon palveluita yksil\u00f6llisesti, lis\u00e4arvoa tuottavasti ja kustannustehokkaasti. T\u00e4ll\u00e4 hetkell\u00e4 emme ota uusia &hellip; <\/p>\n","protected":false},"author":1,"featured_media":0,"parent":0,"menu_order":0,"comment_status":"closed","ping_status":"closed","template":"","meta":[],"_links":{"self":[{"href":"https:\/\/www.pirtticonsulting.fi\/index.php\/wp-json\/wp\/v2\/pages\/7"}],"collection":[{"href":"https:\/\/www.pirtticonsulting.fi\/index.php\/wp-json\/wp\/v2\/pages"}],"about":[{"href":"https:\/\/www.pirtticonsulting.fi\/index.php\/wp-json\/wp\/v2\/types\/page"}],"author":[{"embeddable":true,"href":"https:\/\/www.pirtticonsulting.fi\/index.php\/wp-json\/wp\/v2\/users\/1"}],"replies":[{"embeddable":true,"href":"https:\/\/www.pirtticonsulting.fi\/index.php\/wp-json\/wp\/v2\/comments?post=7"}],"version-history":[{"count":6,"href":"https:\/\/www.pirtticonsulting.fi\/index.php\/wp-json\/wp\/v2\/pages\/7\/revisions"}],"predecessor-version":[{"id":78,"href":"https:\/\/www.pirtticonsulting.fi\/index.php\/wp-json\/wp\/v2\/pages\/7\/revisions\/78"}],"wp:attachment":[{"href":"https:\/\/www.pirtticonsulting.fi\/index.php\/wp-json\/wp\/v2\/media?parent=7"}],"curies":[{"name":"wp","href":"https:\/\/api.w.org\/{rel}","templated":true}]}}